-7
Let r(b) be the first derivative of -31 + 1/3*b**3 - 5/2*b**2 + 8*b. Calculate r(6).
14
Suppose -2*d + 60 = 4*n + n, 0 = 5*n + 3*d - 60. Suppose 9 = -3*g - n. Let t(z) = -z**3 - 8*z**2 - 7*z + 8. Calculate t(g).
8
Suppose 3*l = 12 + 3. Let o(k) = 0*k**2 + 6 - 3*k**2 + 4*k - k**2 + l*k**2. Suppose t = -4*t + 3*c - 20, 4*t + c = -16. Give o(t).
6
Let l(t) = -3*t + 33. Let g(z) = 3*z - 35. Let u(c) = -4*g(c) - 5*l(c). Calculate u(10).
5
Let s(b) be the third derivative of b**4/24 + 11*b**3/6 + b**2. Let i(k) = -13*k + 390. Let f be i(30). What is s(f)?
11
Suppose 31*d + 59 = -96. Let c(b) = -b - 3. Determine c(d).
2
Let d = 24 + 7. Let x(b) = -3 + 59*b - 25*b - d*b. Determine x(3).
6
Let w(i) = i**3 + 10*i**2 + 25*i. Let a be w(-4). Suppose 2*u + 4 = 4*u. Let k(v) = v - v + 2*v**2 + 3*v - 5 - v**u. Calculate k(a).
-1
Let w(h) = -h**2 - 2*h + 7. Let t be w(-3). Suppose 0*j + 3*j + 27 = 0. Let z = t + j. Let l(q) = q**2 + 5*q + 2. Calculate l(z).
2
Let p(i) = 39*i**2 + i - 2*i + 6352 - 6353. Give p(-1).
39
Let a(k) be the first derivative of -k**7/120 - k**5/60 + k**4/24 - 13*k**3/3 + 7. Let q(t) be the third derivative of a(t). Determine q(1).
-8
Let w(n) be the second derivative of -n**5/20 + n**4/2 - 2*n**3/3 + 2*n**2 - 166*n. Calculate w(4).
20
Let h(t) = 5*t**2 - 12*t - 13. Let z be h(4). Let w(m) = -m**2 + 18*m + 12. Give w(z).
-7
Let t(k) = 7*k**2 + 3*k - 7. Suppose 0 = -2*s, -4*s - 7 = r - 0*s. Let j(u) = 8*u**2 + 3*u - 8. Let d(q) = r*t(q) + 6*j(q). Determine d(-2).
3
Suppose 2*i - 4*i = -10. Suppose 7 = -f - 4. Let s = i + f. Let x(t) = t**3 + 6*t**2 + 2*t + 1. Calculate x(s).
-11
Let u = 278 + -275. Let o(m) be the second derivative of 1/12*m**4 - 4*m**2 + 0 - 5*m + 2/3*m**u. Determine o(-6).
4
Let d = -20 - -28. Let y(i) = -3*i - 1. Determine y(d).
-25
Let n(z) be the second derivative of -3*z**3/2 + 65*z**2/2 - 228*z. What is n(7)?
2
Let c be (-18)/4 - 2/(-4). Let p be 4/(c/(-19)) + -3. Suppose -6*u - p = -58. Let f(l) = -l**3 + 8*l**2 - 8*l - 1. Calculate f(u).
-8
Let j(v) = v**2 - 6*v + 4. Suppose 5*r = 4*i - 57, -6*i + 2*i - r + 27 = 0. Let u be i/3 + (-8)/(-24). Calculate j(u).
-5
Suppose 3*c - c + 10 = -2*s, -2*s - 4*c = 18. Let d = -22 + 24. Let h(p) = -d*p - 7*p + p - 2*p. What is h(s)?
10
Let z(w) = 11*w**3 - 8*w**2 + 35*w - 33. Let q(f) = 5*f**3 - 5*f**2 + 16*f - 16. Let h(j) = -9*q(j) + 4*z(j). Calculate h(13).
-40
Let j(t) = 418*t**2 - 421*t**2 + 0*t + t. Let q(o) = -48*o + 1. Let x be q(-1). Let b be 2/5 + x/(-35). Give j(b).
-4
Suppose 2*m + 4*c - 2*c = 0, 4*m = 3*c + 28. Let p(r) = -6 - 2*r + m + 3. Let y be (-4)/10*(-18 + 8). Calculate p(y).
-7
Suppose 5*f - 3*f - 8 = -b, -f - 14 = -4*b. Let p = -6 + b. Let h(g) = 9*g + 1. Calculate h(p).
-17
Let x = -5 - -8. Suppose -x*w - 2*q = 4, -25 = w + 5*q - 2. Suppose -i + 1 = w. Let d(t) = -12*t - 1. Calculate d(i).
11
Let c be (3 + 2*-2)/((-1)/4). Let r(a) = 3*a**2 + 2*a**2 - 2*a - 4*a**3 + 4 + 5*a**3 - c*a. What is r(-6)?
4
Let f(r) = -3*r - 2. Let y(x) = 16*x + 25. Let b(c) = -10*f(c) - 2*y(c). Calculate b(-7).
-16
Suppose -5*l + n + 11 = 0, 0 = l - 0*n + n - 7. Let p(g) be the first derivative of -l*g**2 - g + 1/3*g**3 - 2. Determine p(5).
-6
Let o be (-16)/40 + 56/(-10). Let b = -4 - o. Let f(w) = 0 + b - 42*w + 43*w. Give f(-2).
0
Let s(l) = 6*l**3 + 4*l**2 + 3*l - 2. Let v be ((-3)/1)/(5/((-10)/(-2))). Let y(i) = -11*i**3 - 7*i**2 - 6*i + 3. Let d(t) = v*y(t) - 5*s(t). Calculate d(-2).
-25
Let j(w) = 3*w - 6. Let m be (4/(-6))/(18/135). Let l be (-47)/m + (-10)/25. Let q = -5 + l. Determine j(q).
6
Let k(i) = -3*i + 0 + 2*i + 16. Let g = 11 + 1. Let s be k(g). Let y(j) = -2*j + 3. Calculate y(s).
-5
Let c(j) = -j**2 + 4*j - 4. Let m(r) = -4*r - 5. Suppose -14 = 2*g + 5*g. Let u be m(g). Suppose 0 = -u*a + 9. Calculate c(a).
-1
Let f(o) = -21*o**2 + o**3 - 6 - 3 - 8 + 15. Let g be f(21). Let a(i) = -i**2 - 2*i + 2. Give a(g).
2
Let u = 12 + -17. Let q(t) = 53*t - 18*t + t**2 - 30*t + 0*t**2. Calculate q(u).
0
Suppose 0 = 252*r - 231*r - 252. Let h(m) = m + 3. Calculate h(r).
15
Let w(k) = k + 13. Let u(d) = -1. Let x(i) = -2*u(i) - w(i). Let o be x(-10). Let q(f) = -f**2 - f + 1. Calculate q(o).
1
Let y(s) = -s**2 + 6*s + 4. Let a(t) = -t**3 + t**2 + t - 1. Let w(k) = k**3 + 3*k**2 - 8*k + 7. Let b(i) = 2*a(i) + w(i). Let r be b(3). Determine y(r).
9
Let g(o) = -o**2 + 7*o - 4. Suppose -5*k + 21 = -0*p + 2*p, 5*p - 4*k + 30 = 0. Let c be p/6 - 112/(-21). Suppose -2*q + q = -c. Give g(q).
6
Let r(b) = -b**3 - 4*b**2 + 3*b - 3. Let d(u) = 2*u**2 - 11*u + 5. Let l be d(7). Let n = l + -24. Suppose 12 - 2 = -n*v. Determine r(v).
7
Let j = 14 - 8. Suppose -8*f + j = -6*f. Suppose -f*l = -4*g - 7, 2*g = g - 4. Let y(i) = 3*i + 4. What is y(l)?
-5
Let h(r) be the third derivative of -r**4/24 - 7*r**3/6 - 16*r**2. Let y(f) = 7*f - 28. Let l be y(3). Determine h(l).
0
Suppose 3*i - 8 = 7*i. Let n(p) = -4*p**2 + 3*p + 2. Let m(a) = -9*a**2 + 6*a + 4. Let j(g) = 3*m(g) - 7*n(g). Determine j(i).
8
Let b(w) be the second derivative of -w**3/6 + w**2/2 + 16*w - 1. Calculate b(6).
-5
Let p = 35 - 24. Let b(t) = -5*t + p*t**2 - 12*t**2 + 13*t + 8. What is b(9)?
-1
Let z(s) = -2*s**2 + 24*s - 21. Let a(o) = -o**2 + 12*o - 12. Let v(h) = -5*a(h) + 3*z(h). Calculate v(8).
29
Let s(g) = -10*g + 2. Let z(m) be the third derivative of -m**5/60 + m**4/6 + 7*m**3/3 + 3*m**2. Let h be z(6). What is s(h)?
-18
Let q = 248 - 244. Let n(f) = f**2 - 4*f - 6. What is n(q)?
-6
Let n(s) = -s**3 - s**2 - s - 1. Let m = -44 + 46. Suppose 5*o = 3*o - m. Give n(o).
0
Let a(s) be the second derivative of -s**4/12 + s**3/6 + 37*s**2/2 + 21*s + 9. Determine a(-6).
-5
Let c be 14/6 - (-1)/(-3). Let o(g) = 33*g**2 - 5*g**2 - 12*g**2 + 0*g - 13*g**2 - 2 - g. What is o(c)?
8
Let a(k) = -3 - 13*k + 5 - 15 + 4*k - k**2. What is a(-7)?
1
Let g(t) = 4*t. Let l(r) = 2*r**2 + 11*r + 16. Let p(u) = -5*g(u) - l(u). Calculate p(-15).
-1
Let i(f) = -5*f + 7. Let n(t) = 13*t - 19. Let q(c) = 8*i(c) + 3*n(c). Determine q(-5).
4
Let t(g) be the second derivative of -g**5/20 - 2*g**4/3 - g**2/2 - g. Suppose -104 = -12*c - 200. What is t(c)?
-1
Suppose -5*b + 19 + 26 = 0. Let v be 3/(-12)*1 + b/(-12). Let w(l) = 10*l**3 + l. Calculate w(v).
-11
Let g(k) = -k**2 - k + 9. Suppose 12 = -757*h + 753*h. Give g(h).
3
Let g(q) = q**2 + 7*q - 1. Let b(m) = -5*m**2 - 27*m + 5. Let z(t) = -2*b(t) - 9*g(t). Determine z(9).
-1
Let b(h) = -h**3 + 11*h**2 + 15*h - 42. Let m be b(12). Let q(t) = t**3 + 8*t**2 + 10*t - 12. Calculate q(m).
0
Let y(q) = 3*q - 1. Let c be y(1). Let u(z) = z + 3 + c - 5. Determine u(-6).
-6
Let v(g) = 18 - 29*g**2 + 57*g**2 - 27*g**2 - 19*g. Determine v(16).
-30
Suppose 309*o - 295*o = 98. Let h(k) = -k**2 + 11*k - 15. What is h(o)?
13
Let l(c) = -c**2 - 457*c + 457*c - 12. What is l(0)?
-12
Let g(k) = -k**3 + 2*k**2 - 4*k + 3. Let r be 6/1 + (0 - 4). Suppose 3*w + r = o, 8 = 4*o + w + w. Determine g(o).
-5
Let b(n) be the first derivative of -2*n**2 + 2*n - 821. Suppose 3*c - 21 = -3*d, -c = -4*d + 2*d + 5. Suppose -d*x = -5*x + 2. Give b(x).
-6
Let p = -234 + 236. Let c(l) = 20*l + 2. Determine c(p).
42
Let a = -178 - -178. Let d(u) be the third derivative of -2*u**2 + 1/6*u**3 + 1/24*u**4 + a + 0*u. What is d(-5)?
-4
Suppose 0 = -2*l + 4*a - 10, 0 = 2*l - 3*a + a + 2. Let b(w) = -12*w + 2 + 11*w - l. Give b(-4).
3
Let u(o) = 6*o**3 - o**2 + o. Suppose 5*s = -70 + 95. Suppose g + 5 = r, -4*r - s + 13 = -g. Calculate u(r).
6
Let n be (-9 - -2) + 4/2. Let g = 0 - n. Suppose 4*p - 22 = -2*x, 5*x - 13 + 3 = g*p. Let c(z) = -2*z**2 + 8*z - 4. Give c(x).
-14
Let i be 128/(-12) + 11 - 4/(-6). Let k(n) = 10*n**2 - 2*n + 1. Give k(i).
9
Let u(c) = -2*c - 9. Let h(p) be the second derivative of -2*p**3/3 - 9*p**2 - p. Let q(n) = -6*h(n) + 13*u(n). Determine q(-8).
7
Let y(u) be the third derivative of -u**5/60 - u**4/24 + u**3/3 + 3*u**2. Let t = 5 + -3. Let a be (t/(-6))/((-1)/(-6)). Calculate y(a).
0
Let s(h) = -h**3 - 8*h**2 + 10*h + 9. Let l = 2168 + -2177. What is s(l)?
0
Let w(d) be the second derivative of -d**5/20 - 7*d**4/12 + d**3/3 + 193*d - 1. Determine w(-7).
-14
Let m(r) be the first derivative of r**2/2 + 167. Calculate m(-2).
-2
Let i(a) = -8*a - 58. Let j be i(-8). Let u(q) = -2*q**2 + q + 0*q - 1 + 